{"id":7,"date":"2020-04-05T12:10:39","date_gmt":"2020-04-05T12:10:39","guid":{"rendered":"https:\/\/vegcertificado.com.br\/mogiguacu\/?page_id=7"},"modified":"2021-04-20T19:00:29","modified_gmt":"2021-04-20T19:00:29","slug":"quem-somos","status":"publish","type":"page","link":"https:\/\/vegcertificado.com.br\/mogiguacu\/quem-somos\/","title":{"rendered":"Quem Somos"},"content":{"rendered":"<div class=\"wpb-content-wrapper\">[vc_row css=&#8221;.vc_custom_1584428616755{margin-top: -100px !important;}&#8221;][vc_column]\n\t\t\t<!-- START Slider 3 REVOLUTION SLIDER 6.7.18 --><p class=\"rs-p-wp-fix\"><\/p>\n\t\t\t<rs-module-wrap id=\"rev_slider_3_1_wrapper\" data-source=\"gallery\" style=\"visibility:hidden;background:transparent;padding:0;margin:0px auto;margin-top:0;margin-bottom:0;\">\n\t\t\t\t<rs-module id=\"rev_slider_3_1\" style=\"\" data-version=\"6.7.18\">\n\t\t\t\t\t<rs-slides style=\"overflow: hidden; position: absolute;\">\n\t\t\t\t\t\t<rs-slide style=\"position: absolute;\" data-key=\"rs-8\" data-title=\"Slide\" data-anim=\"ms:3000,1000ms;e:slidingoverlay;\" data-in=\"x:-100%;e:d,none;\" data-alttrans=\"slidingoverlayhorizontal\">\n\t\t\t\t\t\t\t<img decoding=\"async\" src=\"\/\/vegcertificado.com.br\/mogiguacu\/wp-content\/plugins\/revslider\/sr6\/assets\/assets\/dummy.png\" alt=\"\" title=\"SLIDER 02\" width=\"1920\" height=\"1280\" class=\"rev-slidebg tp-rs-img rs-lazyload\" data-lazyload=\"\/\/vegcertificado.com.br\/mogiguacu\/wp-content\/uploads\/2020\/04\/SLIDER-02-2.jpg\" data-bg=\"f:contain;\" data-no-retina>\n<!---->\t\t\t\t\t<\/rs-slide>\n\t\t\t\t\t\t<rs-slide style=\"position: absolute;\" data-key=\"rs-3\" data-title=\"Slide\" data-anim=\"ms:3000;e:slidingoverlay;\" data-in=\"x:(100%);e:none;\">\n\t\t\t\t\t\t\t<img decoding=\"async\" src=\"\/\/vegcertificado.com.br\/mogiguacu\/wp-content\/plugins\/revslider\/sr6\/assets\/assets\/dummy.png\" alt=\"\" title=\"certificado-digital-delivirey\" width=\"1920\" height=\"1281\" class=\"rev-slidebg tp-rs-img rs-lazyload\" data-lazyload=\"\/\/vegcertificado.com.br\/mogiguacu\/wp-content\/uploads\/2020\/04\/certificado-digital-delivirey.jpg\" data-bg=\"f:contain;\" data-no-retina>\n<!---->\t\t\t\t\t<\/rs-slide>\n\t\t\t\t\t\t<rs-slide style=\"position: absolute;\" data-key=\"rs-9\" data-title=\"Slide\" data-anim=\"ms:1000ms;e:slidingoverlay;\" data-in=\"y:-100%;e:none;\">\n\t\t\t\t\t\t\t<img decoding=\"async\" src=\"\/\/vegcertificado.com.br\/mogiguacu\/wp-content\/plugins\/revslider\/sr6\/assets\/assets\/dummy.png\" alt=\"\" title=\"SLIDER 05\" width=\"1924\" height=\"1291\" class=\"rev-slidebg tp-rs-img rs-lazyload\" data-lazyload=\"\/\/vegcertificado.com.br\/mogiguacu\/wp-content\/uploads\/2020\/04\/SLIDER-05.jpg\" data-bg=\"f:contain;\" data-no-retina>\n<!---->\t\t\t\t\t<\/rs-slide>\n\t\t\t\t\t<\/rs-slides>\n\t\t\t\t<\/rs-module>\n\t\t\t\t<script>\n\t\t\t\t\tsetREVStartSize({c: 'rev_slider_3_1',rl:[1240,1240,1240,480],el:[900,900,900,720],gw:[1240,1240,1240,480],gh:[900,900,900,720],type:'standard',justify:'',layout:'fullwidth',mh:\"0\"});if (window.RS_MODULES!==undefined && window.RS_MODULES.modules!==undefined && window.RS_MODULES.modules[\"revslider31\"]!==undefined) {window.RS_MODULES.modules[\"revslider31\"].once = false;window.revapi3 = undefined;if (window.RS_MODULES.checkMinimal!==undefined) window.RS_MODULES.checkMinimal()}\n\t\t\t\t<\/script>\n\t\t\t<\/rs-module-wrap>\n\t\t\t<!-- END REVOLUTION SLIDER -->\n[\/vc_column][\/vc_row][vc_row][vc_column][vc_empty_space][vc_separator border_width=&#8221;3&#8243;][vc_empty_space][\/vc_column][\/vc_row][vc_row][vc_column width=&#8221;1\/3&#8243;][wgl_counter counter_align=&#8221;center&#8221; css_animation=&#8221;bounceIn&#8221; icon_type=&#8221;font&#8221; icon_font_type=&#8221;type_fontawesome&#8221; icon_fontawesome=&#8221;fa fa-calendar&#8221; count_title=&#8221;Experi\u00eancia&#8221; count_prefix=&#8221;+&#8221; count_value=&#8221;10&#8243; count_suffix=&#8221;anos&#8221; custom_icon_size=&#8221;80&#8243;][\/vc_column][vc_column width=&#8221;1\/3&#8243;][wgl_counter counter_align=&#8221;center&#8221; css_animation=&#8221;bounceIn&#8221; icon_type=&#8221;font&#8221; icon_font_type=&#8221;type_fontawesome&#8221; icon_fontawesome=&#8221;fa fa-comments&#8221; count_title=&#8221;Suporte Nota&#8221; count_value=&#8221;1000&#8243; custom_icon_size=&#8221;80&#8243;][\/vc_column][vc_column width=&#8221;1\/3&#8243;][wgl_counter counter_align=&#8221;center&#8221; css_animation=&#8221;bounceIn&#8221; icon_type=&#8221;font&#8221; icon_font_type=&#8221;type_fontawesome&#8221; icon_fontawesome=&#8221;fa fa-clock-o&#8221; count_title=&#8221;Rapidez na emiss\u00e3o de certificados&#8221; count_value=&#8221;15&#8243; count_suffix=&#8221;min&#8221; custom_icon_size=&#8221;80&#8243;][\/vc_column][\/vc_row][vc_row][vc_column][vc_empty_space][vc_separator border_width=&#8221;3&#8243;][vc_empty_space][\/vc_column][\/vc_row][vc_row full_width=&#8221;stretch_row&#8221; equal_height=&#8221;yes&#8221; content_placement=&#8221;middle&#8221; z_index=&#8221;2&#8243; css=&#8221;.vc_custom_1586163611805{background: #ffffff url(https:\/\/vegcertificado.com.br\/mogiguacu\/wp-content\/uploads\/2020\/04\/fundo-01.jpg?id=108) !important;border-radius: 10px !important;}&#8221;][vc_column width=&#8221;1\/2&#8243; offset=&#8221;vc_col-xs-2\/5 vc_hidden-xs&#8221;][vc_single_image image=&#8221;500&#8243; img_size=&#8221;full&#8221; alignment=&#8221;center&#8221; css_animation=&#8221;fadeInLeftBig&#8221;][\/vc_column][vc_column width=&#8221;1\/2&#8243; offset=&#8221;vc_col-xs-12&#8243;][wgl_double_headings css_animation=&#8221;fadeInRightBig&#8221; title_color=&#8221;#252525&#8243; subtitle_color=&#8221;#ff7d00&#8243; title=&#8221;Quem Somos&#8221;][vc_empty_space][vc_column_text css_animation=&#8221;fadeInRightBig&#8221;]<span>A\u00a0<strong>V&amp;G Certifica\u00e7\u00e3o Digital<\/strong>, Autoridade de Registro vinculada \u00e0 AC LINK, \u00e9 uma empresa reconhecida pela qualidade e efici\u00eancia, n\u00e3o se contentando apenas em emitir certificados digitais, mas em garantir que o cliente seja sempre a prioridade.<\/span><\/p>\n<p><span>Os servi\u00e7os de certifica\u00e7\u00e3o digital oferecidos pela empresa atendem a todos os tipos de neg\u00f3cios, compreendendo tanto pessoas f\u00edsicas, quanto\u00a0jur\u00eddicas.<\/span><\/p>\n<p><span>O certificado digital \u00e9 um documento eletr\u00f4nico que possibilita transa\u00e7\u00f5es online junto a entidades como Receita Federal, Caixa Econ\u00f4mica Federal, emiss\u00e3o de notas fiscais eletr\u00f4nicas, entre outros. Todo certificado digital emitido pela V&amp;G se enquadra dentro do padr\u00e3o ICP Brasil, estando tamb\u00e9m de acordo com as regras de Infraestrutura de Chaves P\u00fablicas e Privadas (ICP), estabelecidas pela Medida Provis\u00f3ria 2200\/2001.\u00a0<\/span><\/p>\n<p><span>Os clientes contam com uma equipe que se capacita constantemente, com um grupo de profissionais que est\u00e3o sempre se aprimorando, sem nunca se esquecer de um requisito fundamental: o relacionamento com clientes e parceiros.<\/span>[\/vc_column_text][vc_empty_space][\/vc_column][\/vc_row][vc_row full_width=&#8221;stretch_row&#8221; css=&#8221;.vc_custom_1586163589815{background-color: rgba(255,255,255,0.71) !important;*background-color: rgb(255,255,255) !important;border-radius: 10px !important;}&#8221; add_extended=&#8221;true&#8221; values=&#8221;%5B%7B%22extended_animation%22%3A%22parallax%22%2C%22figure_color%22%3A%22%23ffffff%22%2C%22drop_colors%22%3A%22one_color%22%2C%22part_color%22%3A%22%23ff7e00%22%2C%22part_color_1%22%3A%22%23ff7e00%22%2C%22part_color_2%22%3A%22%233224e9%22%2C%22part_color_3%22%3A%22%2369e9f2%22%2C%22extended_animation_pos_vertical%22%3A%2250%22%2C%22extended_animation_pos_horizont%22%3A%2250%22%2C%22sphere_width%22%3A%22100%22%2C%22particles_number%22%3A%2250%22%2C%22particles_size%22%3A%2210%22%2C%22particles_speed%22%3A%222%22%2C%22hover_anim%22%3A%22grab%22%2C%22image_bg%22%3A%22111%22%2C%22parallax_dir%22%3A%22horizontal%22%2C%22parallax_factor%22%3A%220.1%22%2C%22particles_position_top%22%3A%220%22%2C%22particles_position_left%22%3A%2265%22%2C%22particles_width%22%3A%22100%22%2C%22particles_height%22%3A%22100%22%7D%2C%7B%22extended_animation%22%3A%22sphere%22%2C%22figure_color%22%3A%22%23e8e8e8%22%2C%22drop_colors%22%3A%22one_color%22%2C%22part_color%22%3A%22%23ff7e00%22%2C%22part_color_1%22%3A%22%23ff7e00%22%2C%22part_color_2%22%3A%22%233224e9%22%2C%22part_color_3%22%3A%22%2369e9f2%22%2C%22extended_animation_pos_vertical%22%3A%2250%22%2C%22extended_animation_pos_horizont%22%3A%2250%22%2C%22sphere_width%22%3A%22400%22%2C%22particles_number%22%3A%2250%22%2C%22particles_size%22%3A%2210%22%2C%22particles_speed%22%3A%222%22%2C%22hover_anim%22%3A%22grab%22%2C%22parallax_dir%22%3A%22vertical%22%2C%22parallax_factor%22%3A%220.3%22%2C%22particles_position_top%22%3A%220%22%2C%22particles_position_left%22%3A%220%22%2C%22particles_width%22%3A%22100%22%2C%22particles_height%22%3A%22100%22%7D%5D&#8221;][vc_column width=&#8221;1\/3&#8243;][wgl_info_box ib_align=&#8221;center&#8221; css_animation=&#8221;fadeInLeft&#8221; icon_type=&#8221;font&#8221; icon_font_type=&#8221;type_flaticon&#8221; icon_flaticon=&#8221;flaticon-zoom-in&#8221; ib_title=&#8221;Nossa Miss\u00e3o&#8221; ib_content=&#8221;Oferecer solu\u00e7\u00f5es em certifica\u00e7\u00e3o digital com seguran\u00e7a, efici\u00eancia e agilidade, priorizando sempre o \u00f3timo atendimento ao cliente com servi\u00e7os de qualidade.&#8221; add_icon_shadow=&#8221;true&#8221; custom_icon_size=&#8221;60&#8243;][\/vc_column][vc_column width=&#8221;1\/3&#8243;][wgl_info_box ib_align=&#8221;center&#8221; css_animation=&#8221;fadeInLeft&#8221; icon_type=&#8221;font&#8221; icon_font_type=&#8221;type_flaticon&#8221; icon_flaticon=&#8221;flaticon-vision&#8221; ib_title=&#8221;Nossa Vis\u00e3o&#8221; ib_content=&#8221;Ser refer\u00eancia em emiss\u00e3o de certificados digitais, capacitando pessoas, valorizando parcerias, agregando valor aos neg\u00f3cios dos nossos clientes&#8221; add_icon_shadow=&#8221;true&#8221; custom_icon_size=&#8221;60&#8243;][\/vc_column][vc_column width=&#8221;1\/3&#8243;][wgl_info_box ib_align=&#8221;center&#8221; css_animation=&#8221;fadeInLeft&#8221; icon_type=&#8221;font&#8221; icon_font_type=&#8221;type_flaticon&#8221; icon_flaticon=&#8221;flaticon-user-4&#8243; ib_title=&#8221;Nossa Miss\u00e3o&#8221; ib_content=&#8221;SEGURAN\u00c7A na emiss\u00e3o do certificado digital; EXCEL\u00caNCIA na emiss\u00e3o do certificado digital; Foco nas PESSOAS, HUMILDADE, reconhecendo os erros e buscando a melhoria cont\u00ednua.&#8221; add_icon_shadow=&#8221;true&#8221; custom_icon_size=&#8221;60&#8243;][\/vc_column][\/vc_row]\n<\/div>","protected":false},"excerpt":{"rendered":"<p>[vc_row css=&#8221;.vc_custom_1584428616755{margin-top: -100px !important;}&#8221;][vc_column][\/vc_column][\/vc_row][vc_row][vc_column][vc_empty_space][vc_separator border_width=&#8221;3&#8243;][vc_empty_space][\/vc_column][\/vc_row][vc_row][vc_column width=&#8221;1\/3&#8243;][wgl_counter counter_align=&#8221;center&#8221; css_animation=&#8221;bounceIn&#8221; icon_type=&#8221;font&#8221; icon_font_type=&#8221;type_fontawesome&#8221; icon_fontawesome=&#8221;fa fa-calendar&#8221; count_title=&#8221;Experi\u00eancia&#8221; count_prefix=&#8221;+&#8221; count_value=&#8221;10&#8243; count_suffix=&#8221;anos&#8221; custom_icon_size=&#8221;80&#8243;][\/vc_column][vc_column width=&#8221;1\/3&#8243;][wgl_counter counter_align=&#8221;center&#8221; css_animation=&#8221;bounceIn&#8221; icon_type=&#8221;font&#8221; icon_font_type=&#8221;type_fontawesome&#8221; icon_fontawesome=&#8221;fa fa-comments&#8221; count_title=&#8221;Suporte Nota&#8221; count_value=&#8221;1000&#8243; custom_icon_size=&#8221;80&#8243;][\/vc_column][vc_column width=&#8221;1\/3&#8243;][wgl_counter counter_align=&#8221;center&#8221; css_animation=&#8221;bounceIn&#8221; icon_type=&#8221;font&#8221; icon_font_type=&#8221;type_fontawesome&#8221; icon_fontawesome=&#8221;fa fa-clock-o&#8221; count_title=&#8221;Rapidez na emiss\u00e3o de certificados&#8221; count_value=&#8221;15&#8243; count_suffix=&#8221;min&#8221; custom_icon_size=&#8221;80&#8243;][\/vc_column][\/vc_row][vc_row][vc_column][vc_empty_space][vc_separator border_width=&#8221;3&#8243;][vc_empty_space][\/vc_column][\/vc_row][vc_row full_width=&#8221;stretch_row&#8221; equal_height=&#8221;yes&#8221; content_placement=&#8221;middle&#8221; z_index=&#8221;2&#8243; css=&#8221;.vc_custom_1586163611805{background: #ffffff url(https:\/\/vegcertificado.com.br\/mogiguacu\/wp-content\/uploads\/2020\/04\/fundo-01.jpg?id=108) !important;border-radius: 10px !important;}&#8221;][vc_column width=&#8221;1\/2&#8243; [&hellip;]<\/p>\n","protected":false},"author":1,"featured_media":0,"parent":0,"menu_order":0,"comment_status":"closed","ping_status":"closed","template":"","meta":{"footnotes":""},"class_list":["post-7","page","type-page","status-publish","hentry"],"_links":{"self":[{"href":"https:\/\/vegcertificado.com.br\/mogiguacu\/wp-json\/wp\/v2\/pages\/7","targetHints":{"allow":["GET"]}}],"collection":[{"href":"https:\/\/vegcertificado.com.br\/mogiguacu\/wp-json\/wp\/v2\/pages"}],"about":[{"href":"https:\/\/vegcertificado.com.br\/mogiguacu\/wp-json\/wp\/v2\/types\/page"}],"author":[{"embeddable":true,"href":"https:\/\/vegcertificado.com.br\/mogiguacu\/wp-json\/wp\/v2\/users\/1"}],"replies":[{"embeddable":true,"href":"https:\/\/vegcertificado.com.br\/mogiguacu\/wp-json\/wp\/v2\/comments?post=7"}],"version-history":[{"count":13,"href":"https:\/\/vegcertificado.com.br\/mogiguacu\/wp-json\/wp\/v2\/pages\/7\/revisions"}],"predecessor-version":[{"id":501,"href":"https:\/\/vegcertificado.com.br\/mogiguacu\/wp-json\/wp\/v2\/pages\/7\/revisions\/501"}],"wp:attachment":[{"href":"https:\/\/vegcertificado.com.br\/mogiguacu\/wp-json\/wp\/v2\/media?parent=7"}],"curies":[{"name":"wp","href":"https:\/\/api.w.org\/{rel}","templated":true}]}}