{"id":172,"date":"2020-04-06T09:44:37","date_gmt":"2020-04-06T09:44:37","guid":{"rendered":"https:\/\/vegcertificado.com.br\/aracaju\/product\/e-cpf-a3-em-cartao-inteligente-validade-de-03-anos\/"},"modified":"2023-01-25T14:53:18","modified_gmt":"2023-01-25T14:53:18","slug":"e-cpf-a3-em-cartao-inteligente-validade-de-03-anos","status":"publish","type":"product","link":"https:\/\/vegcertificado.com.br\/aracaju\/product\/e-cpf-a3-em-cartao-inteligente-validade-de-03-anos\/","title":{"rendered":"E-CPF A3 EM CART\u00c3O INTELIGENTE (VALIDADE DE 03 ANOS)"},"content":{"rendered":"<p>O cart\u00e3o \u00e9 um dispositivo port\u00e1til que gera e armazena o certificado digital. Uma vez gerada a chave privada, o cart\u00e3o estar\u00e1 totalmente protegido, e o certificado n\u00e3o poder\u00e1 ser exportado ou reproduzido em outro dispositivo. O certificado digital A3 armazenado em cart\u00e3o pode ser utilizado em qualquer computador. Para tanto, \u00e9 necess\u00e1rio ter uma leitora USB para que possa ser conectado ao computador.<\/p>\n","protected":false},"excerpt":{"rendered":"<p>O cart\u00e3o \u00e9 um dispositivo port\u00e1til que gera e armazena o certificado digital. Uma vez gerada a chave privada, o cart\u00e3o estar\u00e1 totalmente protegido, e o certificado n\u00e3o poder\u00e1 ser exportado ou reproduzido em outro dispositivo. O certificado digital A3 armazenado em cart\u00e3o pode ser utilizado em qualquer computador. Para tanto, \u00e9 necess\u00e1rio ter uma [&hellip;]<\/p>\n","protected":false},"featured_media":439,"comment_status":"open","ping_status":"closed","template":"","meta":[],"product_brand":[],"product_cat":[17,18],"product_tag":[],"class_list":{"0":"post-172","1":"product","2":"type-product","3":"status-publish","4":"has-post-thumbnail","6":"product_cat-certificado-digital","7":"product_cat-e-cpf","9":"first","10":"instock","11":"virtual","12":"purchasable","13":"product-type-simple"},"_links":{"self":[{"href":"https:\/\/vegcertificado.com.br\/aracaju\/wp-json\/wp\/v2\/product\/172","targetHints":{"allow":["GET"]}}],"collection":[{"href":"https:\/\/vegcertificado.com.br\/aracaju\/wp-json\/wp\/v2\/product"}],"about":[{"href":"https:\/\/vegcertificado.com.br\/aracaju\/wp-json\/wp\/v2\/types\/product"}],"replies":[{"embeddable":true,"href":"https:\/\/vegcertificado.com.br\/aracaju\/wp-json\/wp\/v2\/comments?post=172"}],"wp:featuredmedia":[{"embeddable":true,"href":"https:\/\/vegcertificado.com.br\/aracaju\/wp-json\/wp\/v2\/media\/439"}],"wp:attachment":[{"href":"https:\/\/vegcertificado.com.br\/aracaju\/wp-json\/wp\/v2\/media?parent=172"}],"wp:term":[{"taxonomy":"product_brand","embeddable":true,"href":"https:\/\/vegcertificado.com.br\/aracaju\/wp-json\/wp\/v2\/product_brand?post=172"},{"taxonomy":"product_cat","embeddable":true,"href":"https:\/\/vegcertificado.com.br\/aracaju\/wp-json\/wp\/v2\/product_cat?post=172"},{"taxonomy":"product_tag","embeddable":true,"href":"https:\/\/vegcertificado.com.br\/aracaju\/wp-json\/wp\/v2\/product_tag?post=172"}],"curies":[{"name":"wp","href":"https:\/\/api.w.org\/{rel}","templated":true}]}}